11111100010011 + -1011101010011?
1010011111000000
In base 15, what is 99 - -144bc?
14566
In base 12, what is 4 + 28913a4?
28913a8
In base 8, what is 10 + 2731657?
2731667
In base 8, what is 100 + -1606126?
-1606026
In base 9, what is 633 - 66553?
-65820
In base 4, what is -31133 + -2020321?
-2112120
In base 8, what is 127777264 - -3?
127777267
In base 9, what is -13712 - -163?
-13538
In base 13, what is 66463b - 105?
664536
In base 16, what is 1bdfe6 + -c?
1bdfda
In base 16, what is 5d + 2a4303?
2a4360
In base 11, what is -9 + 5307026?
5307018
In base 7, what is 163 + -6161032?
-6160536
In base 15, what is -29616c4 - 1?
-29616c5
In base 10, what is -109530 - 1178?
-110708
In base 4, what is 103 + 12102230210?
12102230313
In base 5, what is 4 + 2000203420?
2000203424
In base 11, what is 442 + 11110?
11552
In base 3, what is 202011121 - -20110?
202102001
In base 13, what is -51598891 - 2?
-51598893
In base 9, what is 1704 + 87556?
100361
In base 6, what is -343 + 21202145?
21201402
In base 5, what is -4244013 - -2?
-4244011
In base 9, what is 13 - -26421305?
26421318
In base 6, what is 351044121 - -222?
351044343
In base 10, what is 3 + -4958509?
-4958506
In base 6, what is 1222305 - -55?
1222404
In base 3, what is 2 - -2201012201?
2201012210
In base 3, what is 2212120 - -10022222?
20012112
In base 2, what is 100000110111 - -11111?
100001010110
In base 10, what is -243474 + -112?
-243586
In base 15, what is -1896a5bb + 2?
-1896a5b9
In base 6, what is 2 - 513340?
-513334
In base 5, what is -101103201 - 3040?
-101111241
In base 8, what is -1031 + 271411?
270360
In base 2, what is -11 - -1011101010110010110001100?
1011101010110010110001001
In base 9, what is 1 - -47883734?
47883735
In base 14, what is -6bc6d7 - 2?
-6bc6d9
In base 7, what is 25051000 + 5?
25051005
In base 7, what is -26652134 - -344?
-26651460
In base 8, what is -1671 + -1033325?
-1035216
In base 14, what is 2732b7 - 3c3?
272cd4
In base 8, what is -10375 - 405?
-11002
In base 7, what is -10 - 2250625423?
-2250625433
In base 16, what is -d + c65921?
c65914
In base 14, what is 8a - -517?
5a3
In base 8, what is 1244 - 11072?
-7626
In base 11, what is -66644 + 9?
-66636
In base 4, what is -301210321 + 300?
-301210021
In base 5, what is 2 + 1110013414?
1110013421
In base 16, what is -1e97403e - 5?
-1e974043
In base 13, what is 12c4a + -12a?
12b20
In base 14, what is -8a474 - -25?
-8a44d
In base 7, what is 24206 + 210232?
234441
In base 3, what is 202122 + -1012120211?
-1011211012
In base 5, what is 33301 + 324203?
413004
In base 4, what is -2312223202 - 100?
-2312223302
In base 5, what is 3233004 - -21311?
3304320
In base 3, what is -101201202 - 1112021?
-110021000
In base 10, what is 45816238 - -1?
45816239
In base 6, what is 112240024 + -1?
112240023
In base 9, what is -486066 - 13?
-486080
In base 15, what is -30d - -ce5c9?
ce2bb
In base 15, what is 53b333 - -2?
53b335
In base 10, what is -67321 + 123?
-67198
In base 5, what is -310 + -11201004?
-11201314
In base 11, what is -13078 - 2a1?
-13369
In base 15, what is -76 - 1a96d4?
-1a975a
In base 16, what is -6e6460 - 2?
-6e6462
In base 10, what is 16963156 + 2?
16963158
In base 10, what is 71856 - 319?
71537
In base 12, what is -7599409 - 2?
-759940b
In base 2, what is 11110000001111011010 - -10111?
11110000001111110001
In base 7, what is -1665302251 + -2?
-1665302253
In base 2, what is -100 + -101011000110011001001100?
-101011000110011001010000
In base 5, what is -402421011 - -144?
-402420312
In base 8, what is 13155726 - 7?
13155717
In base 2, what is 11010011011001100101100011 + 10001?
11010011011001100101110100
In base 11, what is -2650a7 + 118?
-264a8a
In base 11, what is 84967a2 + 11?
8496803
In base 5, what is 11101 - -14311132?
14322233
In base 13, what is 0 + 11182240?
11182240
In base 2, what is -101 - 10011110101101101000001100?
-10011110101101101000010001
In base 2, what is 10 + -101010000110011111111011?
-101010000110011111111001
In base 6, what is 3 + -524120244?
-524120241
In base 4, what is 10303 - 200331222?
-200320313
In base 15, what is 20 + 2d2591?
2d25b1
In base 12, what is 22b6 - 1051?
1265
In base 11, what is -8 + -150115?
-150122
In base 10, what is 4721 + -16?
4705
In base 11, what is 93662a - 10?
93661a
In base 16, what is -66 + -368d?
-36f3
In base 10, what is -132 + 6520?
6388
In base 14, what is cb56bc80 + -4?
cb56bc7a
In base 6, what is 0 - -2530321043?
2530321043
In base 16, what is 39a255 - 23?
39a232
In base 8, what is 42157 - 1043?
41114
In base 2, what is -1001111 + -100011000101010010000?
-100011000101011011111
In base 12, what is -54 - 215473?
-215507
In base 2, what is 1011101111 - -1011010110110111011?
1011011000010101010
In base 3, what is -1021211222222221 + 202?
-1021211222222012
In base 3, what is 210 + 100110011111?
100110012021
In base 15, what is 6 - -46cd5bc?
46cd5c3
In base 5, what is -21043231310 - -204?
-21043231101
In base 11, what is -1 - -6a66951?
6a66950
In base 8, what is 1072174171 - 6?
1072174163
In base 13, what is -babc + 6?
-bab6
In base 13, what is a + 35817855?
35817862
In base 11, what is 47958 + -1a?
47939
In base 15, what is -4d - -49e2d4?
49e286
In base 10, what is 60 - 868509?
-868449
In base 3, what is 12211201110202101 - 1?
12211201110202100
In base 8, what is -7622321 - 4?
-7622325
In base 9, what is -4 - -36217675?
36217671
In base 2, what is -11011011101101000 - 10010110?
-11011011111111110
In base 4, what is 11 - 121031333123?
-121031333112
In base 4, what is 2202211001332 - 11?
2202211001321
In base 6, what is -14452 + 52303?
33411
In base 10, what is 336 + -4608?
-4272
In base 5, what is -4 + 2400213431?
2400213422
In base 13, what is 102b48c + 4?
102b493
In base 6, what is -104 - -1054514425?
1054514321
In base 3, what is 20 + 101002211122?
101002211212
In base 5, what is 3 - 304121230?
-304121222
In base 2, what is 10 - 10011000011000000001?
-10011000010111111111
In base 7, what is -10512 + 1335442?
1324630
In base 13, what is 395984 - -67?
395a1b
In base 16, what is 5 + 44c114d?
44c1152
In base 6, what is 2335140 + -5300?
2325440
In base 3, what is -21020211112121201 - -11?
-21020211112121120
In base 9, what is 21 + -2746248?
-2746227
In base 13, what is -8 + 5098a02?
50989c7
In base 5, what is -2242424033 + -10?
-2242424043
In base 9, what is 13 - 1883680?
-1883666
In base 13, what is -449b32 - 0?
-449b32
In base 6, what is -21102542225 - -1?
-21102542224
In base 5, what is -231313 - -1132?
-230131
In base 5, what is 44134210004 + -2?
44134210002
In base 14, what is -18b + 1109c0?
110833
In base 16, what is -1 - -71e3c26?
71e3c25
In base 2, what is -101 + 101001110100111111010101?
101001110100111111010000
In base 4, what is -1213002 - -1303112?
30110
In base 8, what is -51 - -5546500?
5546427
In base 13, what is 3 + 65424a9?
65424ac
In base 2, what is -1100 - -1000100111100111111100100?
1000100111100111111011000
In base 14, what is 10 + -8412d?
-8411d
In base 3, what is 12 + -120012222112112201?
-120012222112112112
In base 7, what is -341161 - 423?
-341614
In base 13, what is -1 + -8c664?
-8c665
In base 11, what is 7 + 43a4409?
43a4415
In base 13, what is -7107 + -789?
-7893
In base 7, what is 165335 - 543?
164462
In base 4, what is -1120313032 + -200102?
-1121113200
In base 2, what is 10101110100 - 11010111011?
-101000111
In base 4, what is 122202112002 + -1010?
122202110332
In base 16, what is 1e1 - 453f9?
-45218
In base 15, what is -341 - -5ab2?
5771
In base 13, what is 3 + 1b978b3?
1b978b6
In base 5, what is -10234221312 + -10?
-10234221322
In base 13, what is -c253526 - 3?
-c253529
In base 7, what is -311653603 + -34?
-311653640
In base 15, what is -2aa90321 + 4?
-2aa9031c
In base 6, what is -2542230 + 23234?
-2514552
In base 16, what is -19ff5da + 3?
-19ff5d7
In base 6, what is 230254 - -245?
230543
In base 2, what is -100000110000 - -10111100000011011?
10110111111101011
In base 3, what is 1201202 + -1220210?
-12001
In base 5, what is 30031 + -2110004?
-2024423
In base 2, what is -1110111101 - 100111110000100001000?
-100111110010011000101
In base 9, what is 267367075 + -4?
267367071
In base 11, what is -2497 - -8148?
5761
In base 13, what is -c3 + -6a1ca?
-6a2c0
In base 7, what is -13 - -3556226?
3556213
In base 16, what is -d21cce6 + 4?
-d21cce2
